 + c - 27. Let p be v(0). Let i = p + 54. What is the tens digit of i?
2
Let r(p) = p**2 - 3*p - 11. Let w(s) = 2*s**2 - 6*s - 22. Let x(d) = 5*r(d) - 2*w(d). What is the tens digit of x(9)?
4
Let b(p) = -p**3 + 2*p**2 + 4*p + 1. Let d = -5 + 8. Let j be b(d). Suppose -6 = -2*c + j. What is the units digit of c?
5
Let y = 13 - -12. What is the units digit of y?
5
Let r be 2/3 + 26/6. Suppose r*h + 0*h = 4*j + 32, -4*h - 5*j + 1 = 0. What is the units digit of h?
4
What is the units digit of (-258)/(-36) + 2/(-12)?
7
Let o(f) = -f**3 - 4*f**2. Let u be o(-4). What is the tens digit of 1/(-1 + u) + 11?
1
Let h(l) = l**2 - 2*l - 1. Let w be h(-1). Suppose w*n - n - 19 = 0. Let u = n - 4. What is the tens digit of u?
1
What is the tens digit of -2 - 0 - (-4 + -67)?
6
Suppose -3*z + 8*z + 2*i = 19, 0 = -4*i + 8. Let f be (-10 - -10)*(-2)/(-2). Suppose 4*v = -z*p + 37, -38 + f = -3*p - 5*v. What is the units digit of p?
1
Suppose 194 = 3*p - 2*p. What is the units digit of p?
4
Let k(i) = i**3 + 5*i**2 - 2*i - 7. Suppose w + 6 = -d, -2*w = -5*d - 12 - 11. Let r be k(d). Let s = r - -3. What is the units digit of s?
6
Suppose -4*k + y + y = 30, 3*k = -3*y - 27. Let u(a) = a**2 + 7*a - 3. What is the units digit of u(k)?
5
Let x = -22 + 32. What is the tens digit of x?
1
What is the units digit of 11 + 1 + (-4)/(-2)?
4
Suppose 8 = 2*j - 6*x + 2*x, 3*x + 6 = j. Suppose j = 4*h - 10 + 6. What is the units digit of h?
1
Let w = 5 + 0. Suppose -5*y + 0*y - 55 = -w*x, 5*x - 87 = -3*y. What is the tens digit of x?
1
Suppose 5*v - 3*y + 2 = 0, -y - 2*y = 2*v - 16. Suppose v*h - 9 = h. What is the units digit of h?
9
Suppose 2*h = 11*h - 1098. What is the units digit of h?
2
Let g(p) = p**3 + 13*p**2 - 17*p - 3. What is the tens digit of g(-14)?
3
Suppose 3*u + 45 = 6*u. What is the tens digit of u?
1
Let k = 384 + -228. What is the hundreds digit of k?
1
Let y(r) = 9*r**2 + 4*r - 4. What is the hundreds digit of y(-4)?
1
Suppose -4*r + 4 = -2*r. Suppose r*g - 6 = -0*g. Suppose 4*l = -20, -2*l - 8 = -g*b + 5*b. What is the units digit of b?
1
Let q(r) = 30*r - 1. Let y be q(-1). Let a = y - -21. Let i = a + 23. What is the tens digit of i?
1
Suppose -4*u + 132 = -0*u. What is the units digit of u?
3
Suppose -4*k = -9*k. Suppose 2*d - 31 - 5 = k. What is the units digit of d/(-27) + (-26)/(-3)?
8
Let b(x) = x - 1. Let l(t) = -t**3 - 5*t**2 - t + 4. Let i be l(-4). Let d be i/(-3) + (-10)/15. What is the units digit of b(d)?
1
Suppose -3*z - 3*t + 36 = 3, 4*t = 4*z - 12. Let y = -1 + z. What is the units digit of y?
6
Suppose -5*a + 21 = -3*p, 11 = 2*a - p + 3. Suppose b = -2*f - 0*f + 18, -2*b = -a*f - 1. What is the units digit of b?
8
Let y(j) = -11*j - 2. Let c be y(-7). Suppose c = 2*x + 3*x. Let d = x + -8. What is the units digit of d?
7
Let u(g) = -g**3 + 22*g**2 + 6*g + 20. What is the units digit of u(22)?
2
Let l(m) = 2*m**2 + 11*m. What is the units digit of l(-8)?
0
Suppose -2*s = 4*a - 39 + 3, -4*a = 3*s - 34. Suppose a*v - 5*v = 0. Suppose -w - w + 28 = v. What is the tens digit of w?
1
Let c = 9 + -5. Suppose 0 = -c*d - 0*d + 8. Suppose 0 = d*s - s - 6. What is the units digit of s?
6
Let t(c) = -c**3 + 7*c**2 + 9*c - 3. Let o be t(8). Suppose p + 20 = 6*p + 5*z, p + 16 = -o*z. Let x = 18 - p. What is the units digit of x?
9
Let l(t) = 5 - 4 - t**2 + 6 + 0. Let i be l(0). Suppose 75 = -2*u + i*u. What is the units digit of u?
5
Let g be ((-16)/(-6))/((-4)/(-318)). Let q = -8 - -26. What is the tens digit of 4/q - g/(-18)?
1
Let p(b) = b**3 + 6*b**2 - 4*b - 3. Let h be p(-7). Let v = 40 + h. What is the tens digit of v?
1
Let u be (-2)/3 - (-33)/9. Suppose -u*j - 10 = 11. What is the units digit of j + 6 + 1*2?
1
Let q(d) = 58*d**2 + d + 4. Let j be q(-2). Suppose -4*u + 0*g = 2*g - j, -114 = -2*u - 4*g. What is the tens digit of u?
5
Let i(n) = n**2 - 10*n + 15. Let b be i(9). Let p be 11/3 + (-1)/(-3). Suppose p*s - b = 34. What is the tens digit of s?
1
Let v(i) = 7*i - 3. Suppose 1 = -f + 4. What is the tens digit of v(f)?
1
What is the tens digit of (1 + 1 + 65)/1?
6
Suppose -3*h + 0*h + 2*v = -181, 10 = -5*v. What is the units digit of h?
9
What is the units digit of (28/(-3))/(52/(-78))?
4
Let j(n) = -n - 9 + 4*n - 5*n. Let i be j(-7). Suppose i*k - 2*x = 0, -2*k + 7*k - 4*x = -10. What is the units digit of k?
2
Let r(t) = -t**3 + 5*t**2 - 3*t - 2. Let f be r(3). Let p(h) = h**3 - 7*h**2 + h. Let v be p(f). Suppose v*z - 28 = 3*z. What is the units digit of z?
7
Let q(c) be the first derivative of 0*c + 1/2*c**2 + 1/3*c**3 + 1. What is the units digit of q(2)?
6
Let b be (-3 + 6)*582/9. Suppose b = 3*g + 35. What is the tens digit of g?
5
Suppose -3*q + 172 + 119 = -3*u, -5*q + 3*u + 477 = 0. What is the units digit of q?
3
What is the units digit of (-4)/(-14) - 460/(-7)?
6
Let t = -66 - -124. What is the tens digit of t?
5
Let c(h) = 2*h - 3*h - 6 - 3 - h. Let n be c(-7). Suppose -s + 23 - n = 0. What is the tens digit of s?
1
Let k(j) = -j**3 - 6*j**2 - 3*j. Let p be k(-4). Let y be ((-12)/(-10))/((-6)/p). Suppose -2*n - 6 = g, -g + y*n = 3*g - 24. What is the units digit of g?
2
Suppose 0 = 5*h - 20, 4*h - 20 = -4*o. Suppose 2*i + o + 1 = 0. What is the units digit of (2 - (i + 3)) + 2?
2
Let y(l) = l**2 - 3*l + 5. Let p be y(4). Let s be ((-6)/(-4))/(p/(-24)). Let w = s - -6. What is the units digit of w?
2
Suppose 3*h + 4*s = -17, s - 1 = -3*h - 3. Let y = h + -3. Let f(g) = -2*g**3 - 2*g**2 + 2*g. What is the units digit of f(y)?
4
Suppose 4*l = 57 + 39. What is the tens digit of l/16 - (-86)/4?
2
Let y = 4 - 1. Suppose -22 = -y*i + 20. What is the tens digit of i?
1
Suppose 4*x - 1 = 7. Suppose y + 2 = x*y. Suppose -y*u = -8 - 0. What is the units digit of u?
4
Let s(v) = v**3 + 5*v**2 - 6*v + 4. Let c be s(-6). Suppose 5*w = 2*j + 250, c*w - 2*w - 3*j = 89. What is the tens digit of w?
5
Suppose 6*m = m + 600. Suppose l = 4*l - m. Suppose -4*i + 2*z + 0*z = -40, 4*i - 5*z = l. What is the tens digit of i?
1
What is the tens digit of 0 + (-14)/(-35) + (-798)/(-5)?
6
Let o = 2 - 1. Suppose -k = -o - 2. What is the units digit of k?
3
Suppose -2*q - 5*w = -0 + 9, 0 = 4*q + 5*w + 3. Suppose t - 49 = -2*o, o + q*t + 2 - 14 = 0. What is the units digit of o?
7
Suppose -7*v - 34 = -9*v. Suppose -x = -5*w + 2*w + 1, w + 3*x - v = 0. What is the units digit of w?
2
Suppose -f = 3*v - 29, -4*f + 18 = 4*v - 34. Let a(i) = -i**3 + i + 14. Let j be a(0). Suppose 2*w = j + v. What is the tens digit of w?
1
Suppose 2*p = 1 + 13. What is the units digit of p?
7
Let k(t) = t**2 - 3*t - 15. What is the units digit of k(-13)?
3
Suppose 0 = 4*n + w - 175, -4*n + 80 = -3*w - 115. What is the tens digit of n?
4
Let d(h) = h. Let f be d(-1). What is the tens digit of 13 - f*(-1 + 2)?
1
Suppose 0 = 4*t + 2*f - 6, -3*f + 5 = 3*t - 4. Suppose 0*y + y = t. Let g = 3 - y. What is the units digit of g?
3
Let c = -38 + 54. Let m = -27 + 16. Let i = c + m. What is the units digit of i?
5
Let u(g) = -g**2 + 13*g - 18. Let w be u(12). Let n = 6 - w. What is the units digit of n?
2
Let f be (-7 + 1)/(4/(-4)). Let q = -5 + f. What is the units digit of q?
1
Let v(j) = j**3 - 6*j**2 + 6*j - 1. Let b = 10 + -5. Let z be v(b). Let w(o) = 4*o - 5. What is the units digit of w(z)?
1
Let f(n) = -n**3 + 13*n**2 + 16*n + 12. Let j be f(14). Suppose -4*t + 20 = t, -r = t - j. What is the units digit of r?
6
Suppose -3*h + 9 = 0, -5*d - h + 127 = 3*h. What is the tens digit of d?
2
Suppose 6 - 26 = -3*v + 2*x, 0 = 2*v + x - 11. Let r be 4/v*-6*-1. What is the units digit of ((-1)/2)/((-2)/r)?
1
Let i = -39 + 124. What is the tens digit of i?
8
Suppose -u = -n + 52, -3*n = 2*n + u - 272. What is the units digit of n?
4
Let f = 9 - 4. Suppose -5*v + 2*i + 52 = 0, -i = f*v - 50 + 1. Suppose -3*w - v = -5*w. What is the units digit of w?
5
Let d(o) = 1. Let s(b) = -b**2 + 9*b + 5. Let l(m) = 4*d(m) + s(m). What is the tens digit of l(8)?
1
Let m = -3 - -6. Suppose 5*i + 2*z + 3*z = 0, 5*z = -m*i - 8. Suppose -5*j = -i*j - 3. What is the units digit of j?
3
Suppose 0 = 4*x - 245 - 155. Suppose -2*m = 3*m - x. Suppose -3*h = -h - m. What is the units digit of h?
0
Let u(l) = -l**3 + 6*l**2 + 4*l - 2. What is the units digit of u(6)?
2
Suppose -i - h = -1, 5*i - 11 = h - 3*h.